{"id":1123,"date":"2025-04-01T21:07:58","date_gmt":"2025-04-01T19:07:58","guid":{"rendered":"https:\/\/elliberador.com\/?page_id=1123"},"modified":"2025-05-03T22:39:43","modified_gmt":"2025-05-04T01:39:43","slug":"quienes-somos","status":"publish","type":"page","link":"https:\/\/elliberador.com\/index.php\/quienes-somos\/","title":{"rendered":"Qui\u00e9nes somos"},"content":{"rendered":"\n<p><em>El Liberador<\/em> es un medio de comunicaci\u00f3n independiente, de l\u00ednea editorial libertaria, comprometido con la verdad, la transparencia y la defensa de la libertad individual.<\/p>\n\n\n\n<p><strong>No recibimos pauta oficial de ning\u00fan gobierno<\/strong>. Creemos que financiar medios con dinero p\u00fablico \u2014extra\u00eddo coactivamente a trav\u00e9s de impuestos\u2014 no solo es inmoral, sino que <strong>atenta contra la imparcialidad period\u00edstica<\/strong>. Sostener a la prensa con fondos del Estado convierte al periodismo en un producto de marketing pol\u00edtico, cuando deber\u00eda ser un servicio p\u00fablico no estatal: <strong>un contralor de los poderes, no un socio encubierto<\/strong>.<\/p>\n\n\n\n<p>En <em>El Liberador<\/em> no vendemos la verdad al mejor postor. Nuestro compromiso es con los ciudadanos, no con los funcionarios. No aceptamos que la libertad de expresi\u00f3n sea comprada por planillas de publicidad oficial ni que las redacciones se conviertan en agencias de propaganda.<\/p>\n\n\n\n<p>Somos un diario sin padrinos, sin contratos con el Estado y sin filtros ideol\u00f3gicos impuestos desde el poder. Decimos lo que otros callan, y lo hacemos porque creemos que <strong>un periodismo libre solo es posible cuando es tambi\u00e9n libre del Estado<\/strong>.<\/p>\n","protected":false},"excerpt":{"rendered":"<p>El Liberador es un medio de comunicaci&oacute;n independiente, de l&iacute;nea editorial libertaria, comprometido con la&#8230;<\/p>\n","protected":false},"author":1,"featured_media":0,"parent":0,"menu_order":0,"comment_status":"closed","ping_status":"closed","template":"","meta":{"_acf_changed":false,"advanced_seo_description":"","jetpack_seo_html_title":"","jetpack_seo_noindex":false,"footnotes":""},"class_list":["post-1123","page","type-page","status-publish","hentry"],"acf":[],"jetpack_sharing_enabled":true,"_links":{"self":[{"href":"https:\/\/elliberador.com\/index.php\/wp-json\/wp\/v2\/pages\/1123","targetHints":{"allow":["GET"]}}],"collection":[{"href":"https:\/\/elliberador.com\/index.php\/wp-json\/wp\/v2\/pages"}],"about":[{"href":"https:\/\/elliberador.com\/index.php\/wp-json\/wp\/v2\/types\/page"}],"author":[{"embeddable":true,"href":"https:\/\/elliberador.com\/index.php\/wp-json\/wp\/v2\/users\/1"}],"replies":[{"embeddable":true,"href":"https:\/\/elliberador.com\/index.php\/wp-json\/wp\/v2\/comments?post=1123"}],"version-history":[{"count":2,"href":"https:\/\/elliberador.com\/index.php\/wp-json\/wp\/v2\/pages\/1123\/revisions"}],"predecessor-version":[{"id":2037,"href":"https:\/\/elliberador.com\/index.php\/wp-json\/wp\/v2\/pages\/1123\/revisions\/2037"}],"wp:attachment":[{"href":"https:\/\/elliberador.com\/index.php\/wp-json\/wp\/v2\/media?parent=1123"}],"curies":[{"name":"wp","href":"https:\/\/api.w.org\/{rel}","templated":true}]}}